 - 13*u**2 - 252*u + 2124. What is h(8)?
-212
Let i(d) = d**2 + 54464*d - 217875. Determine i(4).
-3
Let y(z) = -7820*z - 15434. Give y(-3).
8026
Let d(b) = -54126*b - 8714288. What is d(-161)?
-2
Let k(c) = -2*c**2 + 510*c + 1082010. What is k(874)?
-2
Let u(i) = 3*i**2 - 74922*i + 524344. Give u(7).
37
Let u(t) = t**2 - 67*t + 59. Give u(0).
59
Let u(n) = -2525*n - 4704. Determine u(-3).
2871
Let k(a) = -30249*a + 90812. Give k(3).
65
Let u(t) = -15*t**3 + 19*t**2 + 2*t - 46. Calculate u(5).
-1436
Let j(t) = 597*t - 71988. Give j(121).
249
Let i(k) = k**3 + 30*k**2 - 162*k + 3566. Calculate i(-37).
-23
Let w(u) = -41*u**2 - 3534*u - 68. Give w(-86).
620
Let q(f) = 12*f**2 + 2623*f + 57227. What is q(-194)?
-3
Let w(v) = -12995*v + 103943. Determine w(8).
-17
Let x(a) = 3*a**3 - 194*a**2 - 63*a - 149. Give x(65).
-19
Let h(x) = -14*x**2 + 402*x - 2880. What is h(13)?
-20
Let v(f) = 9*f**3 - 282*f**2 + 78*f + 420. Give v(31).
-45
Let v(d) = 6*d**3 + 59*d**2 + 8*d - 692. Determine v(-5).
-7
Let z(c) = -4033*c - 3951. Give z(-1).
82
Let h(k) = 491*k + 2380. Determine h(-5).
-75
Let h(l) = -l**3 + 8*l**2 - 16*l - 300. What is h(-4)?
-44
Let x(n) = -n**3 - 2*n**2 + 534*n - 784. Calculate x(-25).
241
Let w(f) = -f**2 - 3676*f - 18328. Give w(-5).
27
Let d(o) = 8*o**3 + 338*o**2 + 84*o + 17. Give d(-42).
17
Let l(z) = z**2 + 11363*z + 1025757. What is l(-91)?
5
Let j(g) = -2*g**3 - 302*g**2 + 553*g - 57131. What is j(-154)?
3
Let c(f) = f**2 - 140*f - 33486. Calculate c(-125).
-361
Let g(h) = 2*h**3 - 41*h**2 - 153*h + 3002. Determine g(21).
230
Let y(g) = -6398*g - 89616. Give y(-14).
-44
Let n(p) = 227*p + 5676. What is n(-25)?
1
Let g(s) = 211*s + 1302. Determine g(-5).
247
Let a(y) = y**3 + 927*y**2 + 9768*y - 282132. What is a(-916)?
-4
Let l(n) = n**3 + 514*n**2 - 2612*n + 2. Determine l(5).
-83
Let c(x) = 3673*x + 25481. Give c(-7).
-230
Let f(b) = -11*b**2 + 12063*b - 185929. What is f(1081)?
3
Let h(b) = 10*b**2 + 7499*b + 22482. Calculate h(-3).
75
Let a(l) = 493*l + 24128. What is a(-49)?
-29
Let g(w) = -56961*w + 170869. What is g(3)?
-14
Let m(k) = -3*k**2 - 243*k - 573. Give m(-78).
129
Let j(b) = b**3 + 48*b**2 - 50503*b + 608. What is j(202)?
2
Let a(p) = 156*p**2 - 136*p. Give a(1).
20
Let n(f) = -2*f**3 - 411*f**2 + 1659*f + 86. Calculate n(4).
18
Let s(u) = 127*u + 686. Calculate s(-10).
-584
Let o(x) = -3*x**2 + 117*x + 199. What is o(33)?
793
Let v(r) = -182073*r - 3277303. What is v(-18)?
11
Let s(r) = -165*r**2 + 19940*r + 3028. Give s(121).
3
Let b(u) = 2*u**3 - 423*u**2 - 248*u + 7508. Give b(212).
-124
Let i(q) = -q**3 - 84*q**2 - 534*q - 3268. Give i(-78).
1880
Let q(t) = -144*t - 7470. Give q(-49).
-414
Let z(q) = -1526*q + 18207. Calculate z(12).
-105
Let c(z) = 2966*z + 16844. Determine c(-6).
-952
Let r(f) = 4*f - 1309. Determine r(-17).
-1377
Let y(d) = 4087882*d + 36790944. What is y(-9)?
6
Let d(g) = -10*g**2 + 865*g - 240. Give d(85).
1035
Let q(y) = 209*y + 26153. Calculate q(-125).
28
Let u(n) = n**2 + 4665*n - 1691011. Determine u(338).
3
Let g(j) = 33*j**2 + 2328*j - 43862. Give g(-86).
-2
Let f(l) = -2991*l + 48208. Calculate f(16).
352
Let j(d) = 32*d**3 - 996*d**2 + 56*d + 25. Determine j(31).
-2083
Let d(k) = -k**2 + 8941*k - 3228624. What is d(377)?
4
Let x(u) = 92*u**3 + 465*u**2 + 19*u - 26. Give x(-5).
4
Let b(i) = -i**3 + 329*i**2 - 24187*i - 1245. Determine b(111).
-24
Let r(p) = p**2 + 2161*p + 239452. Calculate r(-117).
304
Let q(s) = -4376*s + 546985. What is q(125)?
-15
Let s(j) = j**3 - 93*j**2 + 2385*j - 162086. Give s(87).
-5
Let h(d) = -382*d + 21866. Determine h(57).
92
Let r(n) = -n**2 - 3235*n + 101250. Give r(31).
4
Let y(a) = 2*a**3 + 13*a**2 - 126*a - 741. Give y(-8).
75
Let g(p) = 23298*p - 139783. Give g(6).
5
Let b(y) = 18*y**3 - 377*y**2 + 192*y - 4462. Determine b(21).
11
Let v(l) = -3*l**3 - 64*l**2 - 138*l - 2. Calculate v(-8).
-1458
Let r(p) = -15*p**2 - 236*p + 21. Give r(-5).
826
Let n(u) = -1456*u - 21745. Give n(-15).
95
Let i(d) = -104*d**2 + 176*d - 32. Give i(2).
-96
Let w(f) = 2*f**2 - 1042*f + 135573. Give w(269).
-3
Let t(z) = -7*z**3 + 42*z**2 + 96*z - 573. What is t(6)?
3
Let u(g) = 355*g + 2013. What is u(-5)?
238
Let i(y) = 2319*y - 480046. Give i(207).
-13
Let m(l) = 2791*l - 131055. Give m(47).
122
Let o(r) = 255*r - 1729. Calculate o(8).
311
Let u(q) = q**2 - 105*q + 3151. What is u(67)?
605
Let p(g) = -g**2 + 10532*g + 63150. Determine p(-6).
-78
Let j(i) = -1882*i - 69691. Give j(-37).
-57
Let j(f) = -f**2 - 417*f - 4689. What is j(-11)?
-223
Let b(m) = 7*m**2 + 1337*m - 2660. Give b(-193).
42
Let u(m) = m**3 - 21*m**2 + 25*m + 676. Determine u(15).
-299
Let y(p) = 3958*p + 455175. Calculate y(-115).
5
Let u(m) = 41*m**2 - 363*m + 75. Calculate u(9).
129
Let d(h) = -51*h**3 - 6223*h**2 - 140*h - 2189. Calculate d(-122).
7
Let l(j) = -33086*j - 66180. Calculate l(-2).
-8
Let c(x) = x**3 + 229*x**2 + 11784*x + 459. Calculate c(-78).
-9
Let c(p) = 1210*p - 339949. Determine c(281).
61
Let v(j) = -j**2 - 4878*j - 3239392. What is v(-793)?
13
Let o(r) = -8244*r + 305056. What is o(37)?
28
Let s(n) = 193470*n - 3095553. Determine s(16).
-33
Let g(r) = 1920*r + 1025309. Determine g(-534).
29
Let s(q) = -399*q + 1285. Calculate s(3).
88
Let h(p) = p**3 - 57*p**2 + 383*p + 5831. Give h(-7).
14
Let h(r) = 9*r**2 + 85*r + 712. What is h(-17)?
1868
Let d(w) = -5*w**3 + 105*w**2 - 225*w + 98. What is d(17)?
2053
Let q(i) = 13773*i - 41448. What is q(3)?
-129
Let v(l) = 80562*l - 644477. What is v(8)?
19
Let g(a) = -354*a + 5514. What is g(15)?
204
Let b(g) = -2*g**3 + 85*g**2 - 260*g + 8141. What is b(42)?
-1015
Let k(y) = 531*y**2 + 6416*y + 534. Determine k(-12).
6
Let j(o) = -189*o**2 + 923*o - 923. Calculate j(1).
-189
Let l(d) = -4*d**3 - 32*d**2 + 23*d - 14. Give l(-6).
-440
Let s(b) = 2*b**3 - 343*b**2 + 3818*b + 192. Determine s(12).
72
Let m(l) = -5*l**2 - 12*l + 58. Give m(9).
-455
Let g(w) = 3*w**3 - 37*w**2 - 174*w + 1933. Calculate g(13).
9
Let p(f) = 37*f**3 - 139*f**2 - 20*f - 64. Calculate p(4).
0
Let z(g) = -24*g**3 + 397*g - 2017. Calculate z(5).
-3032
Let r(o) = o**2 + 400*o + 38564. What is r(-160)?
164
Let k(b) = -2*b**3 + 23*b**2 + 3*b - 397. Calculate k(11).
-243
Let l(r) = -4118*r - 111201. Calculate l(-27).
-15
Let l(z) = -86*z - 2650. Give l(-26).
-414
Let s(d) = -33*d**3 + 659*d**2 + 34*d - 372. Calculate s(20).
-92
Let l(i) = -7*i**3 + 3*i**2 + 56*i - 200. Calculate l(3).
-194
Let r(q) = -2*q**2 - 410*q + 33115. Give r(62).
7
Let r(g) = -6*g**3 + 83*g**2 - 13*g - 15. Determine r(14).
-393
Let x(q) = 7*q**2 - 686*q + 1049. Give x(96).
-295
Let u(k) = -k**3 + 8*k**2 + 5789*k - 34842. Determine u(6).
-36
Let a(f) = f**3 - 2*f**2 - 380*f + 1950. Determine a(5).
125
Let h(n) = 3*n**3 - 15*n**2 - 511*n - 74. Calculate h(18).
3364
Let s(p) = 25*p**2 + 10807*p - 7723. Give s(-433).
71
Let w(u) = u**3 - 36*u**2 - 426*u - 7219. Calculate w(48).
-19
Let r(s) = 5155*s**2 - 46393*s - 41. Determine r(9).
-23
Let z(b) = -b**2 - 1205*b - 14248. Give z(-12).
68
Let i(p) = 47*p + 6. Determine i(-40).
-1874
Let p(y) = 2410*y + 831441. Determine p(-345).
-9
Let s(m) = 3384*m - 5820476. What is s(1720)?
4
Let x(u) = -31817*u + 63350. What is x(2)?
-284
Let i(o) = -1279*o - 114699. Calculate i(-90).
411
Let q(g) = -1897*g + 36064. What is q(19)?
21
Let y(q) = -2870*q + 13975. What is y(5)?
-375
Let p(q) = 12*q + 1843. Give p(-174).
-245
Let c(t) = -4*t**2 - 32*t + 1581. Give c(-22).
349
Let p(n) = -825743*n + 1651492. Give p(2).
6
Let z(n) = 2*n**3 + 73*n**2 + 3921*n + 139911. Calculate z(-36).
51
Let t(v) = -1040*v + 16306. Give t(16).
-334
Let p(w) = -2*w**3 + 448*w**2 - 904*w + 3334. Calculate p(222).
-218
Let b(x) = -8*x**2 - 33897*x - 33891. What is b(-1)?
-2
Let w(n) = -1274*n + 30061. What is w(21)?
3307
Let u(n) = -645*n + 57988. Calculate u(90).
-62
Let v(h) = -4*h**2 - 784*h + 162292. Give v(-322).
4
Let s(d) = -2*d**2 + 1430*d - 78589. Calculate s(60).
11
Let y(o) = -2*o**3 - 250*o**2 + 80*o - 21702. What is y(-126)?
-30
Let g(a) = 4263*a - 55207. Determine g(13).
212
Let y(j) = 1261*j + 25262. What is y(-21)?
-1219
Let l(r) = -r**3 - 43*r**2 - 162*r - 175. Determine l(-39).
59
Let w(a) = 31*a**2 + 1078*a + 5064. Give w(-29).
-127
Let a(n) = -5524*n + 